{"id":6512,"date":"2019-12-05T11:20:16","date_gmt":"2019-12-05T04:20:16","guid":{"rendered":"http:\/\/localhost\/wp\/cerato\/?page_id=6512"},"modified":"2024-10-09T18:37:14","modified_gmt":"2024-10-09T15:37:14","slug":"compare-page","status":"publish","type":"page","link":"https:\/\/robussmart.com\/index.php\/compare-page\/","title":{"rendered":"Kar\u015f\u0131la\u015ft\u0131rma Sayfas\u0131"},"content":{"rendered":"","protected":false},"excerpt":{"rendered":"","protected":false},"author":1,"featured_media":0,"parent":0,"menu_order":0,"comment_status":"closed","ping_status":"closed","template":"","meta":{"rank_math_lock_modified_date":false,"footnotes":""},"class_list":["post-6512","page","type-page","status-publish","hentry"],"_links":{"self":[{"href":"https:\/\/robussmart.com\/index.php\/wp-json\/wp\/v2\/pages\/6512","targetHints":{"allow":["GET"]}}],"collection":[{"href":"https:\/\/robussmart.com\/index.php\/wp-json\/wp\/v2\/pages"}],"about":[{"href":"https:\/\/robussmart.com\/index.php\/wp-json\/wp\/v2\/types\/page"}],"author":[{"embeddable":true,"href":"https:\/\/robussmart.com\/index.php\/wp-json\/wp\/v2\/users\/1"}],"replies":[{"embeddable":true,"href":"https:\/\/robussmart.com\/index.php\/wp-json\/wp\/v2\/comments?post=6512"}],"version-history":[{"count":1,"href":"https:\/\/robussmart.com\/index.php\/wp-json\/wp\/v2\/pages\/6512\/revisions"}],"predecessor-version":[{"id":10303,"href":"https:\/\/robussmart.com\/index.php\/wp-json\/wp\/v2\/pages\/6512\/revisions\/10303"}],"wp:attachment":[{"href":"https:\/\/robussmart.com\/index.php\/wp-json\/wp\/v2\/media?parent=6512"}],"curies":[{"name":"wp","href":"https:\/\/api.w.org\/{rel}","templated":true}]}}