{"id":10616,"date":"2024-09-23T09:55:34","date_gmt":"2024-09-23T06:55:34","guid":{"rendered":"https:\/\/robussmart.com\/?post_type=product&#038;p=10616"},"modified":"2024-10-09T19:04:53","modified_gmt":"2024-10-09T16:04:53","slug":"robus-smart-otomatik-kepenk-ve-panjur-sistemi","status":"publish","type":"product","link":"https:\/\/robussmart.com\/index.php\/product\/robus-smart-otomatik-kepenk-ve-panjur-sistemi\/","title":{"rendered":"Robus Smart Otomatik Kepenk ve Panjur Sistemi"},"content":{"rendered":"","protected":false},"excerpt":{"rendered":"<p>Robus Smart Otomatik Kepenk ve Panjur Sistemi, ev ve i\u015f yerleriniz i\u00e7in g\u00fcvenli\u011fi ve konforu bir arada sunar. Uzaktan kumanda ya da cep telefonunuz arac\u0131l\u0131\u011f\u0131yla kolayca kontrol edebilece\u011finiz bu sistem, g\u00fcne\u015f \u0131\u015f\u0131\u011f\u0131n\u0131 ayarlama, hava ko\u015fullar\u0131na kar\u015f\u0131 koruma ve d\u0131\u015far\u0131dan gelebilecek tehlikelere kar\u015f\u0131 g\u00fcvenlik sa\u011flar. R\u00fczgar, ya\u011fmur ve g\u00fcne\u015f sens\u00f6rleri ile otomatik \u00e7al\u0131\u015fma fonksiyonu, kullan\u0131c\u0131ya ekstra konfor sunar. Ayr\u0131ca, elektrik kesintilerine kar\u015f\u0131 yedek pil deste\u011fi sayesinde kesintisiz kullan\u0131m imkan\u0131 sa\u011flar. \u015e\u0131k ve modern tasar\u0131m\u0131 ile mek\u00e2nlar\u0131n\u0131za estetik bir dokunu\u015f katan bu sistem, dayan\u0131kl\u0131l\u0131\u011f\u0131 ve kullan\u0131\u015fl\u0131 yap\u0131s\u0131 ile \u00f6ne \u00e7\u0131kar.<\/p>\n","protected":false},"featured_media":10617,"template":"","meta":{"rank_math_lock_modified_date":false},"product_cat":[336],"product_tag":[],"class_list":{"0":"post-10616","1":"product","2":"type-product","3":"status-publish","4":"has-post-thumbnail","6":"product_cat-kepenk-panjur-tente","8":"first","9":"instock","10":"shipping-taxable","11":"product-type-simple"},"_links":{"self":[{"href":"https:\/\/robussmart.com\/index.php\/wp-json\/wp\/v2\/product\/10616","targetHints":{"allow":["GET"]}}],"collection":[{"href":"https:\/\/robussmart.com\/index.php\/wp-json\/wp\/v2\/product"}],"about":[{"href":"https:\/\/robussmart.com\/index.php\/wp-json\/wp\/v2\/types\/product"}],"wp:featuredmedia":[{"embeddable":true,"href":"https:\/\/robussmart.com\/index.php\/wp-json\/wp\/v2\/media\/10617"}],"wp:attachment":[{"href":"https:\/\/robussmart.com\/index.php\/wp-json\/wp\/v2\/media?parent=10616"}],"wp:term":[{"taxonomy":"product_cat","embeddable":true,"href":"https:\/\/robussmart.com\/index.php\/wp-json\/wp\/v2\/product_cat?post=10616"},{"taxonomy":"product_tag","embeddable":true,"href":"https:\/\/robussmart.com\/index.php\/wp-json\/wp\/v2\/product_tag?post=10616"}],"curies":[{"name":"wp","href":"https:\/\/api.w.org\/{rel}","templated":true}]}}