{"id":10620,"date":"2024-09-23T09:58:20","date_gmt":"2024-09-23T06:58:20","guid":{"rendered":"https:\/\/robussmart.com\/?post_type=product&#038;p=10620"},"modified":"2024-10-09T19:03:24","modified_gmt":"2024-10-09T16:03:24","slug":"akilli-kapi-kilidi-ve-gecis-kontrol-sistemleri","status":"publish","type":"product","link":"https:\/\/robussmart.com\/index.php\/product\/akilli-kapi-kilidi-ve-gecis-kontrol-sistemleri\/","title":{"rendered":"Ak\u0131ll\u0131 Kap\u0131 Kilidi ve Ge\u00e7i\u015f Kontrol Sistemleri"},"content":{"rendered":"","protected":false},"excerpt":{"rendered":"<p>Robus Smart Ak\u0131ll\u0131 Kap\u0131 Kilidi ve Ge\u00e7i\u015f Kontrol Sistemi, g\u00fcvenli\u011fi en \u00fcst d\u00fczeye \u00e7\u0131karan ve giri\u015f \u00e7\u0131k\u0131\u015flar\u0131 kolayca y\u00f6netmenizi sa\u011flayan yenilik\u00e7i bir \u00e7\u00f6z\u00fcmd\u00fcr. Bu ak\u0131ll\u0131 kilit sistemi, parmak izi, kart, \u015fifre ve mobil uygulama \u00fczerinden kontrol se\u00e7enekleri sunarak, ev ve i\u015f yerlerinizde maksimum g\u00fcvenlik sa\u011flar. Kap\u0131n\u0131z\u0131 uzaktan a\u00e7\u0131p kapatabilir, kimlerin ne zaman giri\u015f yapt\u0131\u011f\u0131n\u0131 anl\u0131k olarak takip edebilirsiniz. Acil durumlarda, sistem manuel olarak da kullan\u0131labilir ve elektrik kesintilerine kar\u015f\u0131 pil deste\u011fi ile kesintisiz hizmet sunar. Modern tasar\u0131m\u0131, dayan\u0131kl\u0131 yap\u0131s\u0131 ve y\u00fcksek g\u00fcvenlik \u00f6zellikleri ile Robus Smart, kap\u0131 g\u00fcvenli\u011finizi yeni bir seviyeye ta\u015f\u0131yor.<\/p>\n","protected":false},"featured_media":10621,"template":"","meta":{"rank_math_lock_modified_date":false},"product_cat":[337],"product_tag":[],"class_list":{"0":"post-10620","1":"product","2":"type-product","3":"status-publish","4":"has-post-thumbnail","6":"product_cat-akilli-kapi-kilidi-ve-gecis-kontrol-sistemleri","8":"first","9":"instock","10":"shipping-taxable","11":"product-type-simple"},"_links":{"self":[{"href":"https:\/\/robussmart.com\/index.php\/wp-json\/wp\/v2\/product\/10620","targetHints":{"allow":["GET"]}}],"collection":[{"href":"https:\/\/robussmart.com\/index.php\/wp-json\/wp\/v2\/product"}],"about":[{"href":"https:\/\/robussmart.com\/index.php\/wp-json\/wp\/v2\/types\/product"}],"wp:featuredmedia":[{"embeddable":true,"href":"https:\/\/robussmart.com\/index.php\/wp-json\/wp\/v2\/media\/10621"}],"wp:attachment":[{"href":"https:\/\/robussmart.com\/index.php\/wp-json\/wp\/v2\/media?parent=10620"}],"wp:term":[{"taxonomy":"product_cat","embeddable":true,"href":"https:\/\/robussmart.com\/index.php\/wp-json\/wp\/v2\/product_cat?post=10620"},{"taxonomy":"product_tag","embeddable":true,"href":"https:\/\/robussmart.com\/index.php\/wp-json\/wp\/v2\/product_tag?post=10620"}],"curies":[{"name":"wp","href":"https:\/\/api.w.org\/{rel}","templated":true}]}}