{"id":10628,"date":"2024-09-23T10:02:56","date_gmt":"2024-09-23T07:02:56","guid":{"rendered":"https:\/\/robussmart.com\/?post_type=product&#038;p=10628"},"modified":"2024-10-09T19:00:15","modified_gmt":"2024-10-09T16:00:15","slug":"kamera-sistemleri","status":"publish","type":"product","link":"https:\/\/robussmart.com\/index.php\/product\/kamera-sistemleri\/","title":{"rendered":"Kamera Sistemleri"},"content":{"rendered":"","protected":false},"excerpt":{"rendered":"<p>Robus Smart Ak\u0131ll\u0131 G\u00fcvenlik Kamera Sistemi, ev ve i\u015f yerlerinizde g\u00fcvenli\u011fi en \u00fcst d\u00fczeye \u00e7\u0131karan y\u00fcksek \u00e7\u00f6z\u00fcn\u00fcrl\u00fckl\u00fc g\u00f6r\u00fcnt\u00fcleme ve anl\u0131k izleme \u00f6zellikleriyle donat\u0131lm\u0131\u015f bir sistemdir. Gece g\u00f6r\u00fc\u015f\u00fc, hareket alg\u0131lama ve iki y\u00f6nl\u00fc sesli ileti\u015fim \u00f6zellikleri sayesinde 24 saat kesintisiz g\u00fcvenlik sa\u011flar. Cep telefonunuza entegre edilen mobil uygulama ile d\u00fcnyan\u0131n neresinde olursan\u0131z olun, kameralar\u0131n\u0131za an\u0131nda eri\u015febilir, canl\u0131 g\u00f6r\u00fcnt\u00fcleri izleyebilir ve ge\u00e7mi\u015f kay\u0131tlar\u0131 inceleyebilirsiniz. Hareket alg\u0131land\u0131\u011f\u0131nda an\u0131nda bildirim g\u00f6nderme \u00f6zelli\u011fi ile hi\u00e7bir \u015feyi ka\u00e7\u0131rmazs\u0131n\u0131z. Hem i\u00e7 hem de d\u0131\u015f mekanlar i\u00e7in ideal olan bu sistem, hava ko\u015fullar\u0131na dayan\u0131kl\u0131 yap\u0131s\u0131yla uzun \u00f6m\u00fcrl\u00fc kullan\u0131m sunar ve g\u00fcvenlik ihtiyac\u0131n\u0131za ak\u0131ll\u0131 bir \u00e7\u00f6z\u00fcm getirir.<\/p>\n","protected":false},"featured_media":10629,"template":"","meta":{"rank_math_lock_modified_date":false},"product_cat":[339],"product_tag":[],"class_list":{"0":"post-10628","1":"product","2":"type-product","3":"status-publish","4":"has-post-thumbnail","6":"product_cat-kamera-sistemleri","8":"first","9":"instock","10":"shipping-taxable","11":"product-type-simple"},"_links":{"self":[{"href":"https:\/\/robussmart.com\/index.php\/wp-json\/wp\/v2\/product\/10628","targetHints":{"allow":["GET"]}}],"collection":[{"href":"https:\/\/robussmart.com\/index.php\/wp-json\/wp\/v2\/product"}],"about":[{"href":"https:\/\/robussmart.com\/index.php\/wp-json\/wp\/v2\/types\/product"}],"wp:featuredmedia":[{"embeddable":true,"href":"https:\/\/robussmart.com\/index.php\/wp-json\/wp\/v2\/media\/10629"}],"wp:attachment":[{"href":"https:\/\/robussmart.com\/index.php\/wp-json\/wp\/v2\/media?parent=10628"}],"wp:term":[{"taxonomy":"product_cat","embeddable":true,"href":"https:\/\/robussmart.com\/index.php\/wp-json\/wp\/v2\/product_cat?post=10628"},{"taxonomy":"product_tag","embeddable":true,"href":"https:\/\/robussmart.com\/index.php\/wp-json\/wp\/v2\/product_tag?post=10628"}],"curies":[{"name":"wp","href":"https:\/\/api.w.org\/{rel}","templated":true}]}}