{"id":10779,"date":"2025-05-20T12:55:22","date_gmt":"2025-05-20T09:55:22","guid":{"rendered":"https:\/\/robussmart.com\/?post_type=product&#038;p=10779"},"modified":"2025-05-20T12:55:23","modified_gmt":"2025-05-20T09:55:23","slug":"robus-smart-sip-android-10-set","status":"publish","type":"product","link":"https:\/\/robussmart.com\/index.php\/product\/robus-smart-sip-android-10-set\/","title":{"rendered":"Robus Smart Sip Android 10&#8221; Set"},"content":{"rendered":"<p>Robus Smart \u015f\u0131k bir tasar\u0131ma ve sezgisel kullan\u0131c\u0131 aray\u00fcz\u00fcne sahip 10,1 in\u00e7 dokunmatik ekranl\u0131 bir i\u00e7 mekan istasyonudur. Android 9.0\u2019da \u00e7al\u0131\u015f\u0131r Robus Connect ve \u00fc\u00e7\u00fcnc\u00fc taraf uygulamalar\u0131yla sorunsuz bir \u015fekilde entegre olur. \u00c7e\u015fitli geni\u015fletme aray\u00fczleriyle, \u00e7ift y\u00f6nl\u00fc interkom, uzaktan kap\u0131 a\u00e7ma ve alarmlar gibi \u00f6zellikler i\u00e7in g\u00fcvenlik ayg\u0131tlar\u0131na kolayca ba\u011flan\u0131r. Konut topluluklar\u0131, villalar, ofis binalar\u0131 ve daha fazlas\u0131 i\u00e7in m\u00fckemmeldir, g\u00fcvenli ve rahat bir ya\u015fam deneyimi sunar.<\/p>\n<ul>\n<li>Cep Telefonu Arama \u00d6zelikli<\/li>\n<li>Kay\u0131t \u00d6zelli\u011fi, SD Kart Giri\u015fli<\/li>\n<li>\u00c7\u00f6z\u00fcn\u00fcrl\u00fck: 1024\u00d7768 Pixel<\/li>\n<li>Enerji giri\u015fi: POE 48V~55V<\/li>\n<li>E: 260mm Y: 170mm D: 25mm<\/li>\n<\/ul>\n<div id=\"gallery-1\" class=\"gallery galleryid-7234\">\n<div class=\"gallery-item _size col_6\">\n<div class=\"gallery-icon\">\n<div>\n<div class=\"gallery-icon-link\"><\/div>\n<p><img decoding=\"async\" class=\"attachment-thumbnail size-thumbnail\" src=\"https:\/\/www.artego.com.tr\/wp-content\/uploads\/2022\/09\/image-14.png\" alt=\"\" width=\"81\" height=\"81\" \/><\/div>\n<\/div>\n<\/div>\n<div class=\"gallery-item _size col_6\">\n<div class=\"gallery-icon\">\n<div>\n<div class=\"gallery-icon-link\"><\/div>\n<p><img decoding=\"async\" class=\"attachment-thumbnail size-thumbnail\" src=\"https:\/\/www.artego.com.tr\/wp-content\/uploads\/2022\/09\/image-9.png\" alt=\"\" width=\"81\" height=\"81\" \/><\/div>\n<\/div>\n<\/div>\n<div class=\"gallery-item _size col_6\">\n<div class=\"gallery-icon\">\n<div>\n<div class=\"gallery-icon-link\"><\/div>\n<p><img decoding=\"async\" class=\"attachment-thumbnail size-thumbnail\" src=\"https:\/\/www.artego.com.tr\/wp-content\/uploads\/2022\/09\/image-10.png\" alt=\"\" width=\"81\" height=\"81\" \/><\/div>\n<\/div>\n<\/div>\n<div class=\"gallery-item _size col_6\">\n<div class=\"gallery-icon\">\n<div>\n<div class=\"gallery-icon-link\"><\/div>\n<p><img loading=\"lazy\" decoding=\"async\" class=\"attachment-thumbnail size-thumbnail\" src=\"https:\/\/www.artego.com.tr\/wp-content\/uploads\/2022\/09\/image-2.jpg\" alt=\"\" width=\"81\" height=\"81\" \/><\/div>\n<\/div>\n<\/div>\n<div class=\"gallery-item _size col_6\">\n<div class=\"gallery-icon\">\n<div>\n<div class=\"gallery-icon-link\"><\/div>\n<p><img loading=\"lazy\" decoding=\"async\" class=\"attachment-thumbnail size-thumbnail\" src=\"https:\/\/www.artego.com.tr\/wp-content\/uploads\/2017\/09\/image-1.jpg\" alt=\"\" width=\"81\" height=\"81\" \/><\/div>\n<\/div>\n<\/div>\n<div class=\"gallery-item _size col_6\">\n<div class=\"gallery-icon\">\n<div>\n<div class=\"gallery-icon-link\"><\/div>\n<p><img loading=\"lazy\" decoding=\"async\" class=\"attachment-thumbnail size-thumbnail\" src=\"https:\/\/www.artego.com.tr\/wp-content\/uploads\/2017\/09\/icon-03.jpg\" alt=\"\" width=\"81\" height=\"81\" \/><\/div>\n<\/div>\n<div><\/div>\n<\/div>\n<\/div>\n","protected":false},"excerpt":{"rendered":"<p>Robus Smart \u015f\u0131k bir tasar\u0131ma ve sezgisel kullan\u0131c\u0131 aray\u00fcz\u00fcne sahip 10,1 in\u00e7 dokunmatik ekranl\u0131 bir i\u00e7 mekan istasyonudur. Android 9.0\u2019da \u00e7al\u0131\u015f\u0131r Robus Connect ve \u00fc\u00e7\u00fcnc\u00fc taraf uygulamalar\u0131yla sorunsuz bir \u015fekilde entegre olur. \u00c7e\u015fitli geni\u015fletme aray\u00fczleriyle, \u00e7ift y\u00f6nl\u00fc interkom, uzaktan kap\u0131 a\u00e7ma ve alarmlar gibi \u00f6zellikler i\u00e7in g\u00fcvenlik ayg\u0131tlar\u0131na kolayca ba\u011flan\u0131r. Konut topluluklar\u0131, villalar, ofis binalar\u0131 ve daha fazlas\u0131 i\u00e7in m\u00fckemmeldir, g\u00fcvenli ve rahat bir ya\u015fam deneyimi sunar.<\/p>\n","protected":false},"featured_media":10780,"template":"","meta":{"rank_math_lock_modified_date":false},"product_cat":[337,334],"product_tag":[],"class_list":{"0":"post-10779","1":"product","2":"type-product","3":"status-publish","4":"has-post-thumbnail","6":"product_cat-akilli-kapi-kilidi-ve-gecis-kontrol-sistemleri","7":"product_cat-diafon-interkom-sistemleri","9":"first","10":"instock","11":"shipping-taxable","12":"product-type-simple"},"_links":{"self":[{"href":"https:\/\/robussmart.com\/index.php\/wp-json\/wp\/v2\/product\/10779","targetHints":{"allow":["GET"]}}],"collection":[{"href":"https:\/\/robussmart.com\/index.php\/wp-json\/wp\/v2\/product"}],"about":[{"href":"https:\/\/robussmart.com\/index.php\/wp-json\/wp\/v2\/types\/product"}],"wp:featuredmedia":[{"embeddable":true,"href":"https:\/\/robussmart.com\/index.php\/wp-json\/wp\/v2\/media\/10780"}],"wp:attachment":[{"href":"https:\/\/robussmart.com\/index.php\/wp-json\/wp\/v2\/media?parent=10779"}],"wp:term":[{"taxonomy":"product_cat","embeddable":true,"href":"https:\/\/robussmart.com\/index.php\/wp-json\/wp\/v2\/product_cat?post=10779"},{"taxonomy":"product_tag","embeddable":true,"href":"https:\/\/robussmart.com\/index.php\/wp-json\/wp\/v2\/product_tag?post=10779"}],"curies":[{"name":"wp","href":"https:\/\/api.w.org\/{rel}","templated":true}]}}